 by z?
7
Suppose 2*m + 44 = 62. Calculate the remainder when (63 - -1) + -2 + -1 is divided by m*2 + (-1 - 1).
13
Suppose -3*t - 3*x + 103 = -83, -4*x + 190 = 3*t. Calculate the remainder when t is divided by 25.
8
Let n = 8 - 6. Calculate the remainder when (0 + -1)*(-2 + -111) is divided by (7*9/126)/(n/116).
26
Suppose 4*d - 3*v - 99 = 0, -3*v - 11 + 32 = d. Calculate the remainder when 46 is divided by d.
22
What is the remainder when 40 is divided by 2 + 40/25*25/2?
18
Let z(m) = m**3 + 8*m**2 + 9. Let l be z(-4). Let f(u) = -u**3 - 6*u**2 + 9*u + 2. Let a be f(-6). Let t = a + l. What is the remainder when t is divided by 12?
9
Let v(m) = m**3 - 5*m**2 + 10*m - 11. What is the remainder when v(5) is divided by (2 + -3 - -2)*22?
17
Suppose -v = -2, -5*r + 4*r + 4*v = -95. Calculate the remainder when 1852 is divided by r.
101
Let r(d) = -d + 1. Let z be r(-5). Suppose 4*c + 2 + z = 0. Let x = 12 - c. Calculate the remainder when 53 is divided by x.
11
Let j(x) = -x**3 - 7*x**2 + 8*x - 4. Let o be j(-8). What is the remainder when 87 is divided by 22*(o - -4 - -1)?
21
Let a(f) = 28*f**2 + 5 - 29*f**2 - 6 + 3*f**3 + f. Let d be a(1). Suppose 2*r - d*x - 3*x = 13, 5*r + x = 19. Calculate the remainder when 6 is divided by r.
2
Let w(u) = 7*u**3 - 2*u + 1. Suppose -f = 2*k + 7, 15 = -3*f - 2*f - 5*k. Let z be w(f). What is the remainder when 3 is divided by z*((-8)/6)/(-4)?
1
Suppose 0 = -4*c - 2*g + 652, 258 + 231 = 3*c - 2*g. What is the remainder when c is divided by 3?
1
Let w = -294 + 381. Suppose q = 4*z - 3*z - 30, 5*q - 120 = -4*z. What is the remainder when w is divided by z?
27
Let t(c) = 47*c**2 + 2*c + 3. What is the remainder when 238 is divided by t(-1)?
46
Suppose 4*d + 34 - 358 = 0. Calculate the remainder when d is divided by 14.
11
Let m be 4040/75 - (-4)/30. Let u = m + -44. Calculate the remainder when 57 is divided by u.
7
Let v be -1 + (8 + -1 - -2) - -2. Calculate the remainder when 101 is divided by (7 + -2 - 7) + v.
5
Let g = 3 - -2. Suppose -g*q + 10 + 10 = 0. Suppose 3*f + 5*s - 57 = 0, q*s - s = 3*f - 81. Calculate the remainder when f is divided by 9.
6
Suppose -5*y = -2*m - 7, 4*y = m - 0 + 8. Suppose -12 = -m*b + 4*z, b = -b - z. Calculate the remainder when 21 is divided by 7/b*108/63.
9
Suppose 6*y + 78 = 5*c + 10*y, 27 = c - 3*y. Calculate the remainder when 53 is divided by c.
17
Let h(g) be the second derivative of 4*g**3/3 - 7*g**2/2 + 11*g. Let z be h(4). Let k = z + -15. Calculate the remainder when 68 is divided by k.
8
What is the remainder when -1*(45/30 + 1442/(-4)) is divided by 26?
21
Let f = -45 + 68. Calculate the remainder when 412 is divided by f.
21
Let l = -12 + 18. What is the remainder when l is divided by 2?
0
Let v = 58 + -35. Let s(h) = 19*h**2 + h + 1. Let q(w) = -18*w**2 - w - 1. Let l(g) = -3*q(g) - 2*s(g). What is the remainder when l(2) is divided by v?
21
Let p = 111 - 64. Suppose -4*q + 5*x + 7 = -29, -3*x - 28 = -4*q. Calculate the remainder when p is divided by q.
3
Let v(j) = j + 11. Let u be v(-8). Suppose 12 = -3*z, -u*m = 4*z - 30 - 26. Let l = -108 - -177. Calculate the remainder when l is divided by m.
21
Let x(i) = -47*i + 399. What is the remainder when x(7) is divided by 24?
22
Let m = -34 - -36. Let i(w) = w**2 - 6*w + 5. Let g be i(5). Suppose 3*b - 4*b + 1 = g. Calculate the remainder when m is divided by b.
0
Let w(p) = -13*p + 10*p - 12*p - 4 - 5*p. Let g be w(-5). Suppose 3*y + 25 = 4*o - g, 0 = 5*y - 25. Calculate the remainder when o is divided by 18.
16
Suppose s + l = -3*s + 15, -4*s + 17 = -l. Suppose -s*c + 19 = -149. Suppose c = 2*q + q. What is the remainder when 41 is divided by q?
13
Let c = 24 + 7. Suppose 0 = -3*d + 15, -4*h - 17 - c = 4*d. Let s = h + 27. Calculate the remainder when s is divided by 3.
1
Suppose 3*q = 2*c + 1289, -c = q - 2*q + 647. Let u be 2/12 + c/24. Calculate the remainder when 13 is divided by u/(-9)*(-10)/(-6).
3
Let l be (-53)/(-2 - (0 + -1)). Suppose b = 4*b + 4*o - l, -o = -2*b + 17. Suppose 5*k = -0*k + 95. What is the remainder when k is divided by b?
8
What is the remainder when 700 is divided by (-2106)/(-72)*16/6?
76
Let f = 17 + -15. Suppose f = 5*k - 8. What is the remainder when 41 + 10 + k + 0 is divided by 9?
8
Suppose 68 = 16*a - 12*a. What is the remainder when 50 is divided by a?
16
Suppose -118*j - 90 = -124*j. Calculate the remainder when 476 is divided by j.
11
Let k be ((-3)/(-5))/(9/270). Let a(x) = -x + 47. What is the remainder when a(k) is divided by 15?
14
Let z = 29 + -12. Suppose -4*h = -c - z, -35 = -4*h - 4*c - c. What is the remainder when 12 is divided by h?
2
Suppose 47*l - 40*l - 707 = 0. Calculate the remainder when 2423 is divided by l.
100
Suppose 3 = 3*m - 3*y, -5*m - 16 = 3*y - y. Let g(l) = -l**2 + l - 6. Let p be g(-6). Calculate the remainder when (p/(-30))/(m/(-50)) is divided by 21.
19
Let b(y) = -51*y + 225. Calculate the remainder when 101 is divided by b(4).
17
Suppose -3 = -3*y + 15. What is the remainder when 400/(-100) - (-32 + -2 + 2) is divided by y?
4
Let d = 243 - 156. What is the remainder when d is divided by (5 + 1)/((-154)/(-462))?
15
Suppose -105*k + 80*k = -2750. What is the remainder when k is divided by 45?
20
Suppose -r = 2*r, -2*r = -2*i + 10. Suppose 0 = -i*p - y - 26 + 174, -46 = -2*p + 4*y. Calculate the remainder when 104 is divided by p.
17
Suppose 8*m - m = -6*m. What is the remainder when 90 is divided by m/2*-1 + 23?
21
Let f(d) = 199*d**3 - d**2 - 10*d + 11. What is the remainder when f(1) is divided by 50?
49
Suppose -35*p + 10 = -40*p, -5*d - p + 278 = 0. Calculate the remainder when 1229 is divided by d.
53
Suppose -2*a - 3 = 3. What is the remainder when (-30)/(-3)*((-18)/(-4) + -3) is divided by a*(-21)/9 - 1?
3
Let j = -1889 - -1934. What is the remainder when j is divided by 153/6*(-6)/(-9)?
11
Let b be 4/(-2)*28/8. Let o = 0 - b. Let c = o - 2. Calculate the remainder when 12 is divided by c.
2
Let m(k) = k**2 + 24*k + 23. Let i be m(-11). Let p = i - -176. Calculate the remainder when p is divided by 12.
8
Suppose 0 = w - u - 665, 0 = -2*w - 5*u + 1615 - 264. Suppose 4*x = -5*d + 911, 4*d - 464 - w = -5*x. What is the remainder when x is divided by 38?
34
Let m(l) = 2*l + 60. Calculate the remainder when 31 is divided by m(-22).
15
Let q = -406 + 754. What is the remainder when q is divided by 35?
33
Suppose -151*w - 490 = -186*w. What is the remainder when 54 is divided by w?
12
Let b = -88 + 88. Suppose 3*h - 4*q - 565 = -2*h, b = 2*q. What is the remainder when h is divided by 23?
21
Suppose -6*n = -2*n - 8. Suppose -n = 13*z - 106. What is the remainder when 47 is divided by z?
7
Let h(n) = n**3 + 7*n**2 - 24. What is the remainder when 101 is divided by h(-5)?
23
Suppose -44*k = -38*k - 30. Suppose -4*f - f = -j - 47, 0 = f - 3*j - 15. What is the remainder when k/(5 + (-14)/3) is divided by f?
6
Suppose -4 = -2*q + 4. Suppose q*v + 10 = 3*k, 3*v = k - 0*v - 5. Calculate the remainder when 7 is divided by (k/(-4))/((-3)/30).
2
Suppose -13*v - z = -11*v - 29, -33 = -2*v - 5*z. Calculate the remainder when 67 is divided by v.
11
What is the remainder when (-864)/(-5) + 132/(-165) is divided by 42?
4
What is the remainder when 101 is divided by (-2 + (-7)/(-2))*(-408)/(-18)?
33
Let m = 2 + 1. Suppose -5*q + 4*x - 60 = -150, -m*q = 3*x - 54. Calculate the remainder when 52 is divided by q.
16
Let q be (-24)/20*(-25)/2. Let p = -13 + q. Suppose p*t - 36 = 38. What is the remainder when t is divided by 13?
11
Suppose -7*y = -2*y - 4*o - 155, -2*y - 5*o = -62. What is the remainder when y is divided by (((-318)/(-265))/((-6)/40))/(-1)?
7
Suppose 0 = 11*a - 2*a - 135. What is the remainder when 89 is divided by a?
14
Suppose -472*f = -466*f - 102. What is the remainder when 424 is divided by f?
16
Suppose -2*y + 82 = -3*n, 0 = 3*y - 8*y - n + 188. Let g = y - 30. Calculate the remainder when 30 is divided by g.
6
What is the remainder when 69 is divided by ((-20)/(-6))/(100/1950)?
4
Let h(p) be the third derivative of 67*p**5/60 + p**4/24 - p**3/6 + p**2. Let t = 249 - 232. What is the remainder when h(1) is divided by t?
16
Let g = -78 - -83. What is the remainder when 55 is divided by g/(-10)*-8 - -15?
17
What is the remainder when 52 is divide